{"id":9599,"date":"2016-12-16T14:18:33","date_gmt":"2016-12-16T13:18:33","guid":{"rendered":"http:\/\/www.bgf.rs\/lt\/?page_id=9599"},"modified":"2016-12-16T15:53:41","modified_gmt":"2016-12-16T14:53:41","slug":"konkurs-za-izbor-direktora","status":"publish","type":"page","link":"https:\/\/www.bgf.rs\/lt\/konkurs-za-izbor-direktora\/","title":{"rendered":"Konkurs za izbor direktora"},"content":{"rendered":"<p>&nbsp;<br \/>\n<a href=\"http:\/\/www.bgf.rs\/\/wp-content\/uploads\/2016\/12\/Obrazlozena-lista-kandidata-za-direktora-Beogradske-filharmonije.pdf\">Obrazlo\u017eena lista kandidata za direktora Beogradske filharmonije<\/a><br \/>\n&nbsp;<br \/>\n<a href=\"http:\/\/www.bgf.rs\/\/wp-content\/uploads\/2016\/12\/Izvestaj-o-glasanju-zaposlenih.pdf\">Izve\u0161taj o glasanju zaposlenih<\/a><br \/>\n&nbsp;<br \/>\n<a href=\"http:\/\/www.bgf.rs\/\/wp-content\/uploads\/2016\/12\/Ljubisa-Jovanovic-Biografija.pdf\">Biografija Ljubi\u0161e Jovanovi\u0107a<\/a><br \/>\n&nbsp;<br \/>\n<a href=\"http:\/\/www.bgf.rs\/\/wp-content\/uploads\/2016\/12\/Ivan-Tasovac-Biografija.pdf\">Biografija Ivana Tasovca<\/a><br \/>\n&nbsp;<br \/>\n<a href=\"http:\/\/www.bgf.rs\/\/wp-content\/uploads\/2016\/11\/Program-br.-1.pdf\">Program rada br. 1<\/a><br \/>\n&nbsp;<br \/>\n<a href=\"http:\/\/www.bgf.rs\/\/wp-content\/uploads\/2016\/11\/Program-br.-2.pdf\">Program rada br. 2<\/a><br \/>\n&nbsp;<br \/>\n<a href=\"http:\/\/www.bgf.rs\/\/lt\/kandidati-za-direktora-beogradske-filharmonije\/\">Otvaranje prijava na konkurs<\/a><br \/>\n&nbsp;<br \/>\n<a href=\"http:\/\/www.bgf.rs\/\/lt\/konkurs-za-izbor-direktora-tekst\/\">Konkurs za izbor direktora &#8211; tekst<\/a><\/p>\n","protected":false},"excerpt":{"rendered":"<p>&nbsp; Obrazlo\u017eena lista kandidata za direktora Beogradske filharmonije &nbsp; Izve\u0161taj o glasanju zaposlenih &nbsp; Biografija Ljubi\u0161e Jovanovi\u0107a &nbsp; Biografija Ivana Tasovca &nbsp; Program rada br. 1 &nbsp; Program rada br. 2 &nbsp; Otvaranje prijava na konkurs &nbsp; Konkurs za izbor direktora &#8211; tekst<\/p>\n","protected":false},"author":1,"featured_media":0,"parent":0,"menu_order":0,"comment_status":"closed","ping_status":"closed","template":"page-landing-16-17.php","meta":{"_acf_changed":false,"footnotes":""},"class_list":["post-9599","page","type-page","status-publish","hentry"],"acf":[],"yoast_head":"<!-- This site is optimized with the Yoast SEO plugin v23.4 - https:\/\/yoast.com\/wordpress\/plugins\/seo\/ -->\n<title>Konkurs za izbor direktora | Beogradska filharmonija<\/title>\n<meta name=\"robots\" content=\"index, follow, max-snippet:-1, max-image-preview:large, max-video-preview:-1\" \/>\n<link rel=\"canonical\" href=\"https:\/\/www.bgf.rs\/konkurs-za-izbor-direktora\/\" \/>\n<meta property=\"og:locale\" content=\"sr_RS\" \/>\n<meta property=\"og:type\" content=\"article\" \/>\n<meta property=\"og:title\" content=\"Konkurs za izbor direktora | Beogradska filharmonija\" \/>\n<meta property=\"og:description\" content=\"&nbsp; Obrazlo\u017eena lista kandidata za direktora Beogradske filharmonije &nbsp; Izve\u0161taj o glasanju zaposlenih &nbsp; Biografija Ljubi\u0161e Jovanovi\u0107a &nbsp; Biografija Ivana Tasovca &nbsp; Program rada br. 1 &nbsp; Program rada br. 2 &nbsp; Otvaranje prijava na konkurs &nbsp; Konkurs za izbor direktora &#8211; tekst\" \/>\n<meta property=\"og:url\" content=\"https:\/\/www.bgf.rs\/lt\/konkurs-za-izbor-direktora\/\" \/>\n<meta property=\"og:site_name\" content=\"Beogradska filharmonija\" \/>\n<meta property=\"article:modified_time\" content=\"2016-12-16T14:53:41+00:00\" \/>\n<meta name=\"twitter:card\" content=\"summary_large_image\" \/>\n<meta name=\"twitter:site\" content=\"@BGFilharmonija\" \/>\n<script type=\"application\/ld+json\" class=\"yoast-schema-graph\">{\"@context\":\"https:\/\/schema.org\",\"@graph\":[{\"@type\":\"WebPage\",\"@id\":\"https:\/\/www.bgf.rs\/lt\/konkurs-za-izbor-direktora\/\",\"url\":\"https:\/\/www.bgf.rs\/lt\/konkurs-za-izbor-direktora\/\",\"name\":\"Konkurs za izbor direktora | Beogradska filharmonija\",\"isPartOf\":{\"@id\":\"https:\/\/www.bgf.rs\/#website\"},\"datePublished\":\"2016-12-16T13:18:33+00:00\",\"dateModified\":\"2016-12-16T14:53:41+00:00\",\"breadcrumb\":{\"@id\":\"https:\/\/www.bgf.rs\/lt\/konkurs-za-izbor-direktora\/#breadcrumb\"},\"inLanguage\":\"sr-RS\",\"potentialAction\":[{\"@type\":\"ReadAction\",\"target\":[\"https:\/\/www.bgf.rs\/lt\/konkurs-za-izbor-direktora\/\"]}]},{\"@type\":\"BreadcrumbList\",\"@id\":\"https:\/\/www.bgf.rs\/lt\/konkurs-za-izbor-direktora\/#breadcrumb\",\"itemListElement\":[{\"@type\":\"ListItem\",\"position\":1,\"name\":\"Home\",\"item\":\"https:\/\/www.bgf.rs\/\"},{\"@type\":\"ListItem\",\"position\":2,\"name\":\"Konkurs za izbor direktora\"}]},{\"@type\":\"WebSite\",\"@id\":\"https:\/\/www.bgf.rs\/#website\",\"url\":\"https:\/\/www.bgf.rs\/\",\"name\":\"Beogradska filharmonija\",\"description\":\"Samo muzika - jer do\u017eivljaj nema cenu!\",\"potentialAction\":[{\"@type\":\"SearchAction\",\"target\":{\"@type\":\"EntryPoint\",\"urlTemplate\":\"https:\/\/www.bgf.rs\/?s={search_term_string}\"},\"query-input\":{\"@type\":\"PropertyValueSpecification\",\"valueRequired\":true,\"valueName\":\"search_term_string\"}}],\"inLanguage\":\"sr-RS\"}]}<\/script>\n<!-- \/ Yoast SEO plugin. -->","yoast_head_json":{"title":"Konkurs za izbor direktora | Beogradska filharmonija","robots":{"index":"index","follow":"follow","max-snippet":"max-snippet:-1","max-image-preview":"max-image-preview:large","max-video-preview":"max-video-preview:-1"},"canonical":"https:\/\/www.bgf.rs\/konkurs-za-izbor-direktora\/","og_locale":"sr_RS","og_type":"article","og_title":"Konkurs za izbor direktora | Beogradska filharmonija","og_description":"&nbsp; Obrazlo\u017eena lista kandidata za direktora Beogradske filharmonije &nbsp; Izve\u0161taj o glasanju zaposlenih &nbsp; Biografija Ljubi\u0161e Jovanovi\u0107a &nbsp; Biografija Ivana Tasovca &nbsp; Program rada br. 1 &nbsp; Program rada br. 2 &nbsp; Otvaranje prijava na konkurs &nbsp; Konkurs za izbor direktora &#8211; tekst","og_url":"https:\/\/www.bgf.rs\/lt\/konkurs-za-izbor-direktora\/","og_site_name":"Beogradska filharmonija","article_modified_time":"2016-12-16T14:53:41+00:00","twitter_card":"summary_large_image","twitter_site":"@BGFilharmonija","schema":{"@context":"https:\/\/schema.org","@graph":[{"@type":"WebPage","@id":"https:\/\/www.bgf.rs\/lt\/konkurs-za-izbor-direktora\/","url":"https:\/\/www.bgf.rs\/lt\/konkurs-za-izbor-direktora\/","name":"Konkurs za izbor direktora | Beogradska filharmonija","isPartOf":{"@id":"https:\/\/www.bgf.rs\/#website"},"datePublished":"2016-12-16T13:18:33+00:00","dateModified":"2016-12-16T14:53:41+00:00","breadcrumb":{"@id":"https:\/\/www.bgf.rs\/lt\/konkurs-za-izbor-direktora\/#breadcrumb"},"inLanguage":"sr-RS","potentialAction":[{"@type":"ReadAction","target":["https:\/\/www.bgf.rs\/lt\/konkurs-za-izbor-direktora\/"]}]},{"@type":"BreadcrumbList","@id":"https:\/\/www.bgf.rs\/lt\/konkurs-za-izbor-direktora\/#breadcrumb","itemListElement":[{"@type":"ListItem","position":1,"name":"Home","item":"https:\/\/www.bgf.rs\/"},{"@type":"ListItem","position":2,"name":"Konkurs za izbor direktora"}]},{"@type":"WebSite","@id":"https:\/\/www.bgf.rs\/#website","url":"https:\/\/www.bgf.rs\/","name":"Beogradska filharmonija","description":"Samo muzika - jer do\u017eivljaj nema cenu!","potentialAction":[{"@type":"SearchAction","target":{"@type":"EntryPoint","urlTemplate":"https:\/\/www.bgf.rs\/?s={search_term_string}"},"query-input":{"@type":"PropertyValueSpecification","valueRequired":true,"valueName":"search_term_string"}}],"inLanguage":"sr-RS"}]}},"_links":{"self":[{"href":"https:\/\/www.bgf.rs\/lt\/wp-json\/wp\/v2\/pages\/9599\/"}],"collection":[{"href":"https:\/\/www.bgf.rs\/lt\/wp-json\/wp\/v2\/pages\/"}],"about":[{"href":"https:\/\/www.bgf.rs\/lt\/wp-json\/wp\/v2\/types\/page\/"}],"author":[{"embeddable":true,"href":"https:\/\/www.bgf.rs\/lt\/wp-json\/wp\/v2\/users\/1\/"}],"replies":[{"embeddable":true,"href":"https:\/\/www.bgf.rs\/lt\/wp-json\/wp\/v2\/comments\/?post=9599"}],"version-history":[{"count":0,"href":"https:\/\/www.bgf.rs\/lt\/wp-json\/wp\/v2\/pages\/9599\/revisions\/"}],"wp:attachment":[{"href":"https:\/\/www.bgf.rs\/lt\/wp-json\/wp\/v2\/media\/?parent=9599"}],"curies":[{"name":"wp","href":"https:\/\/api.w.org\/{rel}","templated":true}]}}

<p>&nbsp;<br />
<a href="http://www.bgf.rs//wp-content/uploads/2016/12/Obrazlozena-lista-kandidata-za-direktora-Beogradske-filharmonije.pdf">Obrazložena lista kandidata za direktora Beogradske filharmonije</a><br />
&nbsp;<br />
<a href="http://www.bgf.rs//wp-content/uploads/2016/12/Izvestaj-o-glasanju-zaposlenih.pdf">Izveštaj o glasanju zaposlenih</a><br />
&nbsp;<br />
<a href="http://www.bgf.rs//wp-content/uploads/2016/12/Ljubisa-Jovanovic-Biografija.pdf">Biografija Ljubiše Jovanovića</a><br />
&nbsp;<br />
<a href="http://www.bgf.rs//wp-content/uploads/2016/12/Ivan-Tasovac-Biografija.pdf">Biografija Ivana Tasovca</a><br />
&nbsp;<br />
<a href="http://www.bgf.rs//wp-content/uploads/2016/11/Program-br.-1.pdf">Program rada br. 1</a><br />
&nbsp;<br />
<a href="http://www.bgf.rs//wp-content/uploads/2016/11/Program-br.-2.pdf">Program rada br. 2</a><br />
&nbsp;<br />
<a href="http://www.bgf.rs//lt/kandidati-za-direktora-beogradske-filharmonije/">Otvaranje prijava na konkurs</a><br />
&nbsp;<br />
<a href="http://www.bgf.rs//lt/konkurs-za-izbor-direktora-tekst/">Konkurs za izbor direktora &#8211; tekst</a></p>

<p>&nbsp; Obrazložena lista kandidata za direktora Beogradske filharmonije &nbsp; Izveštaj o glasanju zaposlenih &nbsp; Biografija Ljubiše Jovanovića &nbsp; Biografija Ivana Tasovca &nbsp; Program rada br. 1 &nbsp; Program rada br. 2 &nbsp; Otvaranje prijava na konkurs &nbsp; Konkurs za izbor direktora &#8211; tekst</p>

<!-- This site is optimized with the Yoast SEO plugin v23.4 - https://yoast.com/wordpress/plugins/seo/ -->
<title>Konkurs za izbor direktora | Beogradska filharmonija</title>
<meta name="robots" content="index, follow, max-snippet:-1, max-image-preview:large, max-video-preview:-1" />
<link rel="canonical" href="https://www.bgf.rs/konkurs-za-izbor-direktora/" />
<meta property="og:locale" content="sr_RS" />
<meta property="og:type" content="article" />
<meta property="og:title" content="Konkurs za izbor direktora | Beogradska filharmonija" />
<meta property="og:description" content="&nbsp; Obrazložena lista kandidata za direktora Beogradske filharmonije &nbsp; Izveštaj o glasanju zaposlenih &nbsp; Biografija Ljubiše Jovanovića &nbsp; Biografija Ivana Tasovca &nbsp; Program rada br. 1 &nbsp; Program rada br. 2 &nbsp; Otvaranje prijava na konkurs &nbsp; Konkurs za izbor direktora &#8211; tekst" />
<meta property="og:url" content="https://www.bgf.rs/lt/konkurs-za-izbor-direktora/" />
<meta property="og:site_name" content="Beogradska filharmonija" />
<meta property="article:modified_time" content="2016-12-16T14:53:41+00:00" />
<meta name="twitter:card" content="summary_large_image" />
<meta name="twitter:site" content="@BGFilharmonija" />
<script type="application/ld+json" class="yoast-schema-graph">{"@context":"https://schema.org","@graph":[{"@type":"WebPage","@id":"https://www.bgf.rs/lt/konkurs-za-izbor-direktora/","url":"https://www.bgf.rs/lt/konkurs-za-izbor-direktora/","name":"Konkurs za izbor direktora | Beogradska filharmonija","isPartOf":{"@id":"https://www.bgf.rs/#website"},"datePublished":"2016-12-16T13:18:33+00:00","dateModified":"2016-12-16T14:53:41+00:00","breadcrumb":{"@id":"https://www.bgf.rs/lt/konkurs-za-izbor-direktora/#breadcrumb"},"inLanguage":"sr-RS","potentialAction":[{"@type":"ReadAction","target":["https://www.bgf.rs/lt/konkurs-za-izbor-direktora/"]}]},{"@type":"BreadcrumbList","@id":"https://www.bgf.rs/lt/konkurs-za-izbor-direktora/#breadcrumb","itemListElement":[{"@type":"ListItem","position":1,"name":"Home","item":"https://www.bgf.rs/"},{"@type":"ListItem","position":2,"name":"Konkurs za izbor direktora"}]},{"@type":"WebSite","@id":"https://www.bgf.rs/#website","url":"https://www.bgf.rs/","name":"Beogradska filharmonija","description":"Samo muzika - jer doživljaj nema cenu!","potentialAction":[{"@type":"SearchAction","target":{"@type":"EntryPoint","urlTemplate":"https://www.bgf.rs/?s={search_term_string}"},"query-input":{"@type":"PropertyValueSpecification","valueRequired":true,"valueName":"search_term_string"}}],"inLanguage":"sr-RS"}]}</script>
<!-- / Yoast SEO plugin. -->

&nbsp; Obrazložena lista kandidata za direktora Beogradske filharmonije &nbsp; Izveštaj o glasanju zaposlenih &nbsp; Biografija Ljubiše Jovanovića &nbsp; Biografija Ivana Tasovca &nbsp; Program rada br. 1 &nbsp; Program rada br. 2 &nbsp; Otvaranje prijava na konkurs &nbsp; Konkurs za izbor direktora &#8211; tekst

Samo muzika - jer doživljaj nema cenu!
