{"id":2434,"date":"2015-12-14T15:08:04","date_gmt":"2015-12-14T14:08:04","guid":{"rendered":"http:\/\/www.bgf.rs\/en\/?page_id=2434"},"modified":"2018-03-29T12:12:42","modified_gmt":"2018-03-29T11:12:42","slug":"pre-concert-lecture","status":"publish","type":"page","link":"https:\/\/www.bgf.rs\/en\/before-the-concert\/pre-concert-lecture\/","title":{"rendered":"Pre-Concert Lectures"},"content":{"rendered":"<p>Motivated by the needs of contemporary concertgoers and based on the experiences of the world\u2019s most renowned orchestras, we have organized lectures, devised to enrich and enhance your music experience.<\/p>\n<p>Knowledgeable comments and analyses of the pieces on the concert programme are complemented by trivia from the composer\u2019s life, insights into the circumstances that inspired the composer\u2019s creativity, as well as into the historical and social context of the period in which the piece was written! Discover how the critics and the audience received the piece at its premiere and which words the composer used to describe his creation! Laugh at the anecdotes, amusing stories and comments \u2013 the inevitable components of this colourful and absorbing programme that offers a more in-depth and alternative perspective on music, but also suggests possible ways to listen to it!<\/p>\n<p>We invite you to join the musicologist <strong>Maja \u010colovi\u0107 Vasi\u0107 <\/strong>in the Kolarac Foundation Gallery, half an hour before concerts, at free introductory lectures! The longstanding music editor, critic and the host of reputable classical music programmes at the Belgrade Radio 2 (<em>Classics Please<\/em>, <em>The Time of Music<\/em>, <em>Autograph<\/em>\u2026) and contributor to many magazines and music festivals in the country, Maja will take you on an exciting journey through the history of music!<\/p>\n<p>The lectures are intended for all admirers of the classics, regardless of their level of music education!<\/p>\n","protected":false},"excerpt":{"rendered":"<p>Motivated by the needs of contemporary concertgoers and based on the experiences of the world\u2019s most renowned orchestras, we have organized lectures, devised to enrich and enhance your music experience. Knowledgeable comments and analyses of the pieces on the concert programme are complemented by trivia from the composer\u2019s life, insights into the circumstances that inspired [&hellip;]<\/p>\n","protected":false},"author":1,"featured_media":3868,"parent":1329,"menu_order":0,"comment_status":"closed","ping_status":"closed","template":"","meta":{"_acf_changed":false,"footnotes":""},"class_list":["post-2434","page","type-page","status-publish","has-post-thumbnail","hentry"],"acf":[],"yoast_head":"<!-- This site is optimized with the Yoast SEO plugin v23.4 - https:\/\/yoast.com\/wordpress\/plugins\/seo\/ -->\n<title>Pre-Concert Lectures | Beogradska filharmonija<\/title>\n<meta name=\"robots\" content=\"index, follow, max-snippet:-1, max-image-preview:large, max-video-preview:-1\" \/>\n<link rel=\"canonical\" href=\"https:\/\/www.bgf.rs\/before-the-concert\/pre-concert-lecture\/\" \/>\n<meta property=\"og:locale\" content=\"sr_RS\" \/>\n<meta property=\"og:type\" content=\"article\" \/>\n<meta property=\"og:title\" content=\"Pre-Concert Lectures | Beogradska filharmonija\" \/>\n<meta property=\"og:description\" content=\"Motivated by the needs of contemporary concertgoers and based on the experiences of the world\u2019s most renowned orchestras, we have organized lectures, devised to enrich and enhance your music experience. Knowledgeable comments and analyses of the pieces on the concert programme are complemented by trivia from the composer\u2019s life, insights into the circumstances that inspired [&hellip;]\" \/>\n<meta property=\"og:url\" content=\"https:\/\/www.bgf.rs\/en\/before-the-concert\/pre-concert-lecture\/\" \/>\n<meta property=\"og:site_name\" content=\"Beogradska filharmonija\" \/>\n<meta property=\"article:modified_time\" content=\"2018-03-29T11:12:42+00:00\" \/>\n<meta property=\"og:image\" content=\"https:\/\/www.bgf.rs\/wp-content\/uploads\/2015\/12\/1.-Uvodna-predavanja.jpg\" \/>\n\t<meta property=\"og:image:width\" content=\"870\" \/>\n\t<meta property=\"og:image:height\" content=\"350\" \/>\n\t<meta property=\"og:image:type\" content=\"image\/jpeg\" \/>\n<meta name=\"twitter:card\" content=\"summary_large_image\" \/>\n<meta name=\"twitter:site\" content=\"@BGFilharmonija\" \/>\n<meta name=\"twitter:label1\" content=\"\u041f\u0440\u043e\u0446\u0435\u045a\u0435\u043d\u043e \u0432\u0440\u0435\u043c\u0435 \u0447\u0438\u0442\u0430\u045a\u0430\" \/>\n\t<meta name=\"twitter:data1\" content=\"1 \u043c\u0438\u043d\u0443\u0442\" \/>\n<script type=\"application\/ld+json\" class=\"yoast-schema-graph\">{\"@context\":\"https:\/\/schema.org\",\"@graph\":[{\"@type\":\"WebPage\",\"@id\":\"https:\/\/www.bgf.rs\/en\/before-the-concert\/pre-concert-lecture\/\",\"url\":\"https:\/\/www.bgf.rs\/en\/before-the-concert\/pre-concert-lecture\/\",\"name\":\"Pre-Concert Lectures | Beogradska filharmonija\",\"isPartOf\":{\"@id\":\"https:\/\/www.bgf.rs\/#website\"},\"primaryImageOfPage\":{\"@id\":\"https:\/\/www.bgf.rs\/en\/before-the-concert\/pre-concert-lecture\/#primaryimage\"},\"image\":{\"@id\":\"https:\/\/www.bgf.rs\/en\/before-the-concert\/pre-concert-lecture\/#primaryimage\"},\"thumbnailUrl\":\"https:\/\/www.bgf.rs\/wp-content\/uploads\/2015\/12\/1.-Uvodna-predavanja.jpg\",\"datePublished\":\"2015-12-14T14:08:04+00:00\",\"dateModified\":\"2018-03-29T11:12:42+00:00\",\"breadcrumb\":{\"@id\":\"https:\/\/www.bgf.rs\/en\/before-the-concert\/pre-concert-lecture\/#breadcrumb\"},\"inLanguage\":\"sr-RS\",\"potentialAction\":[{\"@type\":\"ReadAction\",\"target\":[\"https:\/\/www.bgf.rs\/en\/before-the-concert\/pre-concert-lecture\/\"]}]},{\"@type\":\"ImageObject\",\"inLanguage\":\"sr-RS\",\"@id\":\"https:\/\/www.bgf.rs\/en\/before-the-concert\/pre-concert-lecture\/#primaryimage\",\"url\":\"https:\/\/www.bgf.rs\/wp-content\/uploads\/2015\/12\/1.-Uvodna-predavanja.jpg\",\"contentUrl\":\"https:\/\/www.bgf.rs\/wp-content\/uploads\/2015\/12\/1.-Uvodna-predavanja.jpg\",\"width\":870,\"height\":350,\"caption\":\"5. april 2013. Bizarrte Dirigent: Danijel Rajskin Solista: Aleksandar Radulovic, udaraljke D. Sostakovic: Dzez svita br. 2 A. Meson: Koncertni komad za dobos i orkestar J. Sibelijus: Simfonija br. 2 Beograd, 05.04.2013. foto Marko Djokovic\/BEOGRADSKA FILHARMONIJA\"},{\"@type\":\"BreadcrumbList\",\"@id\":\"https:\/\/www.bgf.rs\/en\/before-the-concert\/pre-concert-lecture\/#breadcrumb\",\"itemListElement\":[{\"@type\":\"ListItem\",\"position\":1,\"name\":\"Home\",\"item\":\"https:\/\/www.bgf.rs\/\"},{\"@type\":\"ListItem\",\"position\":2,\"name\":\"Before The Concert\",\"item\":\"https:\/\/www.bgf.rs\/en\/before-the-concert\/\"},{\"@type\":\"ListItem\",\"position\":3,\"name\":\"Pre-Concert Lectures\"}]},{\"@type\":\"WebSite\",\"@id\":\"https:\/\/www.bgf.rs\/#website\",\"url\":\"https:\/\/www.bgf.rs\/\",\"name\":\"Beogradska filharmonija\",\"description\":\"Samo muzika - jer do\u017eivljaj nema cenu!\",\"potentialAction\":[{\"@type\":\"SearchAction\",\"target\":{\"@type\":\"EntryPoint\",\"urlTemplate\":\"https:\/\/www.bgf.rs\/?s={search_term_string}\"},\"query-input\":{\"@type\":\"PropertyValueSpecification\",\"valueRequired\":true,\"valueName\":\"search_term_string\"}}],\"inLanguage\":\"sr-RS\"}]}<\/script>\n<!-- \/ Yoast SEO plugin. -->","yoast_head_json":{"title":"Pre-Concert Lectures | Beogradska filharmonija","robots":{"index":"index","follow":"follow","max-snippet":"max-snippet:-1","max-image-preview":"max-image-preview:large","max-video-preview":"max-video-preview:-1"},"canonical":"https:\/\/www.bgf.rs\/before-the-concert\/pre-concert-lecture\/","og_locale":"sr_RS","og_type":"article","og_title":"Pre-Concert Lectures | Beogradska filharmonija","og_description":"Motivated by the needs of contemporary concertgoers and based on the experiences of the world\u2019s most renowned orchestras, we have organized lectures, devised to enrich and enhance your music experience. Knowledgeable comments and analyses of the pieces on the concert programme are complemented by trivia from the composer\u2019s life, insights into the circumstances that inspired [&hellip;]","og_url":"https:\/\/www.bgf.rs\/en\/before-the-concert\/pre-concert-lecture\/","og_site_name":"Beogradska filharmonija","article_modified_time":"2018-03-29T11:12:42+00:00","og_image":[{"width":870,"height":350,"url":"https:\/\/www.bgf.rs\/wp-content\/uploads\/2015\/12\/1.-Uvodna-predavanja.jpg","type":"image\/jpeg"}],"twitter_card":"summary_large_image","twitter_site":"@BGFilharmonija","twitter_misc":{"\u041f\u0440\u043e\u0446\u0435\u045a\u0435\u043d\u043e \u0432\u0440\u0435\u043c\u0435 \u0447\u0438\u0442\u0430\u045a\u0430":"1 \u043c\u0438\u043d\u0443\u0442"},"schema":{"@context":"https:\/\/schema.org","@graph":[{"@type":"WebPage","@id":"https:\/\/www.bgf.rs\/en\/before-the-concert\/pre-concert-lecture\/","url":"https:\/\/www.bgf.rs\/en\/before-the-concert\/pre-concert-lecture\/","name":"Pre-Concert Lectures | Beogradska filharmonija","isPartOf":{"@id":"https:\/\/www.bgf.rs\/#website"},"primaryImageOfPage":{"@id":"https:\/\/www.bgf.rs\/en\/before-the-concert\/pre-concert-lecture\/#primaryimage"},"image":{"@id":"https:\/\/www.bgf.rs\/en\/before-the-concert\/pre-concert-lecture\/#primaryimage"},"thumbnailUrl":"https:\/\/www.bgf.rs\/wp-content\/uploads\/2015\/12\/1.-Uvodna-predavanja.jpg","datePublished":"2015-12-14T14:08:04+00:00","dateModified":"2018-03-29T11:12:42+00:00","breadcrumb":{"@id":"https:\/\/www.bgf.rs\/en\/before-the-concert\/pre-concert-lecture\/#breadcrumb"},"inLanguage":"sr-RS","potentialAction":[{"@type":"ReadAction","target":["https:\/\/www.bgf.rs\/en\/before-the-concert\/pre-concert-lecture\/"]}]},{"@type":"ImageObject","inLanguage":"sr-RS","@id":"https:\/\/www.bgf.rs\/en\/before-the-concert\/pre-concert-lecture\/#primaryimage","url":"https:\/\/www.bgf.rs\/wp-content\/uploads\/2015\/12\/1.-Uvodna-predavanja.jpg","contentUrl":"https:\/\/www.bgf.rs\/wp-content\/uploads\/2015\/12\/1.-Uvodna-predavanja.jpg","width":870,"height":350,"caption":"5. april 2013. Bizarrte Dirigent: Danijel Rajskin Solista: Aleksandar Radulovic, udaraljke D. Sostakovic: Dzez svita br. 2 A. Meson: Koncertni komad za dobos i orkestar J. Sibelijus: Simfonija br. 2 Beograd, 05.04.2013. foto Marko Djokovic\/BEOGRADSKA FILHARMONIJA"},{"@type":"BreadcrumbList","@id":"https:\/\/www.bgf.rs\/en\/before-the-concert\/pre-concert-lecture\/#breadcrumb","itemListElement":[{"@type":"ListItem","position":1,"name":"Home","item":"https:\/\/www.bgf.rs\/"},{"@type":"ListItem","position":2,"name":"Before The Concert","item":"https:\/\/www.bgf.rs\/en\/before-the-concert\/"},{"@type":"ListItem","position":3,"name":"Pre-Concert Lectures"}]},{"@type":"WebSite","@id":"https:\/\/www.bgf.rs\/#website","url":"https:\/\/www.bgf.rs\/","name":"Beogradska filharmonija","description":"Samo muzika - jer do\u017eivljaj nema cenu!","potentialAction":[{"@type":"SearchAction","target":{"@type":"EntryPoint","urlTemplate":"https:\/\/www.bgf.rs\/?s={search_term_string}"},"query-input":{"@type":"PropertyValueSpecification","valueRequired":true,"valueName":"search_term_string"}}],"inLanguage":"sr-RS"}]}},"_links":{"self":[{"href":"https:\/\/www.bgf.rs\/en\/wp-json\/wp\/v2\/pages\/2434\/"}],"collection":[{"href":"https:\/\/www.bgf.rs\/en\/wp-json\/wp\/v2\/pages\/"}],"about":[{"href":"https:\/\/www.bgf.rs\/en\/wp-json\/wp\/v2\/types\/page\/"}],"author":[{"embeddable":true,"href":"https:\/\/www.bgf.rs\/en\/wp-json\/wp\/v2\/users\/1\/"}],"replies":[{"embeddable":true,"href":"https:\/\/www.bgf.rs\/en\/wp-json\/wp\/v2\/comments\/?post=2434"}],"version-history":[{"count":0,"href":"https:\/\/www.bgf.rs\/en\/wp-json\/wp\/v2\/pages\/2434\/revisions\/"}],"up":[{"embeddable":true,"href":"https:\/\/www.bgf.rs\/en\/wp-json\/wp\/v2\/pages\/1329\/"}],"wp:featuredmedia":[{"embeddable":true,"href":"https:\/\/www.bgf.rs\/en\/wp-json\/wp\/v2\/media\/3868\/"}],"wp:attachment":[{"href":"https:\/\/www.bgf.rs\/en\/wp-json\/wp\/v2\/media\/?parent=2434"}],"curies":[{"name":"wp","href":"https:\/\/api.w.org\/{rel}","templated":true}]}}

<p>Motivated by the needs of contemporary concertgoers and based on the experiences of the world’s most renowned orchestras, we have organized lectures, devised to enrich and enhance your music experience.</p>
<p>Knowledgeable comments and analyses of the pieces on the concert programme are complemented by trivia from the composer’s life, insights into the circumstances that inspired the composer’s creativity, as well as into the historical and social context of the period in which the piece was written! Discover how the critics and the audience received the piece at its premiere and which words the composer used to describe his creation! Laugh at the anecdotes, amusing stories and comments – the inevitable components of this colourful and absorbing programme that offers a more in-depth and alternative perspective on music, but also suggests possible ways to listen to it!</p>
<p>We invite you to join the musicologist <strong>Maja Čolović Vasić </strong>in the Kolarac Foundation Gallery, half an hour before concerts, at free introductory lectures! The longstanding music editor, critic and the host of reputable classical music programmes at the Belgrade Radio 2 (<em>Classics Please</em>, <em>The Time of Music</em>, <em>Autograph</em>…) and contributor to many magazines and music festivals in the country, Maja will take you on an exciting journey through the history of music!</p>
<p>The lectures are intended for all admirers of the classics, regardless of their level of music education!</p>

<!-- This site is optimized with the Yoast SEO plugin v23.4 - https://yoast.com/wordpress/plugins/seo/ -->
<title>Pre-Concert Lectures | Beogradska filharmonija</title>
<meta name="robots" content="index, follow, max-snippet:-1, max-image-preview:large, max-video-preview:-1" />
<link rel="canonical" href="https://www.bgf.rs/before-the-concert/pre-concert-lecture/" />
<meta property="og:locale" content="sr_RS" />
<meta property="og:type" content="article" />
<meta property="og:title" content="Pre-Concert Lectures | Beogradska filharmonija" />
<meta property="og:description" content="Motivated by the needs of contemporary concertgoers and based on the experiences of the world’s most renowned orchestras, we have organized lectures, devised to enrich and enhance your music experience. Knowledgeable comments and analyses of the pieces on the concert programme are complemented by trivia from the composer’s life, insights into the circumstances that inspired [&hellip;]" />
<meta property="og:url" content="https://www.bgf.rs/en/before-the-concert/pre-concert-lecture/" />
<meta property="og:site_name" content="Beogradska filharmonija" />
<meta property="article:modified_time" content="2018-03-29T11:12:42+00:00" />
<meta property="og:image" content="https://www.bgf.rs/wp-content/uploads/2015/12/1.-Uvodna-predavanja.jpg" />
	<meta property="og:image:width" content="870" />
	<meta property="og:image:height" content="350" />
	<meta property="og:image:type" content="image/jpeg" />
<meta name="twitter:card" content="summary_large_image" />
<meta name="twitter:site" content="@BGFilharmonija" />
<meta name="twitter:label1" content="Процењено време читања" />
	<meta name="twitter:data1" content="1 минут" />
<script type="application/ld+json" class="yoast-schema-graph">{"@context":"https://schema.org","@graph":[{"@type":"WebPage","@id":"https://www.bgf.rs/en/before-the-concert/pre-concert-lecture/","url":"https://www.bgf.rs/en/before-the-concert/pre-concert-lecture/","name":"Pre-Concert Lectures | Beogradska filharmonija","isPartOf":{"@id":"https://www.bgf.rs/#website"},"primaryImageOfPage":{"@id":"https://www.bgf.rs/en/before-the-concert/pre-concert-lecture/#primaryimage"},"image":{"@id":"https://www.bgf.rs/en/before-the-concert/pre-concert-lecture/#primaryimage"},"thumbnailUrl":"https://www.bgf.rs/wp-content/uploads/2015/12/1.-Uvodna-predavanja.jpg","datePublished":"2015-12-14T14:08:04+00:00","dateModified":"2018-03-29T11:12:42+00:00","breadcrumb":{"@id":"https://www.bgf.rs/en/before-the-concert/pre-concert-lecture/#breadcrumb"},"inLanguage":"sr-RS","potentialAction":[{"@type":"ReadAction","target":["https://www.bgf.rs/en/before-the-concert/pre-concert-lecture/"]}]},{"@type":"ImageObject","inLanguage":"sr-RS","@id":"https://www.bgf.rs/en/before-the-concert/pre-concert-lecture/#primaryimage","url":"https://www.bgf.rs/wp-content/uploads/2015/12/1.-Uvodna-predavanja.jpg","contentUrl":"https://www.bgf.rs/wp-content/uploads/2015/12/1.-Uvodna-predavanja.jpg","width":870,"height":350,"caption":"5. april 2013. Bizarrte Dirigent: Danijel Rajskin Solista: Aleksandar Radulovic, udaraljke D. Sostakovic: Dzez svita br. 2 A. Meson: Koncertni komad za dobos i orkestar J. Sibelijus: Simfonija br. 2 Beograd, 05.04.2013. foto Marko Djokovic/BEOGRADSKA FILHARMONIJA"},{"@type":"BreadcrumbList","@id":"https://www.bgf.rs/en/before-the-concert/pre-concert-lecture/#breadcrumb","itemListElement":[{"@type":"ListItem","position":1,"name":"Home","item":"https://www.bgf.rs/"},{"@type":"ListItem","position":2,"name":"Before The Concert","item":"https://www.bgf.rs/en/before-the-concert/"},{"@type":"ListItem","position":3,"name":"Pre-Concert Lectures"}]},{"@type":"WebSite","@id":"https://www.bgf.rs/#website","url":"https://www.bgf.rs/","name":"Beogradska filharmonija","description":"Samo muzika - jer doživljaj nema cenu!","potentialAction":[{"@type":"SearchAction","target":{"@type":"EntryPoint","urlTemplate":"https://www.bgf.rs/?s={search_term_string}"},"query-input":{"@type":"PropertyValueSpecification","valueRequired":true,"valueName":"search_term_string"}}],"inLanguage":"sr-RS"}]}</script>
<!-- / Yoast SEO plugin. -->

1 минут

Samo muzika - jer doživljaj nema cenu!
